e
Does 178 divide 18936?
False
Does 3 divide 762?
True
Does 71 divide 16046?
True
Does 7 divide 1876?
True
Does 93 divide 51320?
False
Is 7 a factor of 1135?
False
Is 2040 a multiple of 6?
True
Is 2932 a multiple of 21?
False
Is 26 a factor of 12376?
True
Does 6 divide 96?
True
Does 15 divide 40035?
True
Does 25 divide 1496?
False
Is 19283 a multiple of 64?
False
Is 3 a factor of 89?
False
Is 93 a factor of 186?
True
Does 10 divide 7830?
True
Is 465 a multiple of 15?
True
Is 421 a multiple of 4?
False
Is 29 a factor of 70284?
False
Is 34 a factor of 2788?
True
Does 38 divide 7615?
False
Does 59 divide 15045?
True
Does 11 divide 935?
True
Is 18 a factor of 11299?
False
Does 14 divide 291?
False
Is 3 a factor of 300?
True
Is 5 a factor of 702?
False
Does 12 divide 7715?
False
Is 5837 a multiple of 36?
False
Does 23 divide 2855?
False
Does 33 divide 33396?
True
Does 29 divide 1690?
False
Does 188 divide 47429?
False
Is 2913 a multiple of 18?
False
Does 165 divide 12870?
True
Is 395 a factor of 43195?
False
Does 6 divide 300?
True
Is 81 a factor of 1220?
False
Is 7527 a multiple of 54?
False
Is 396 a multiple of 22?
True
Is 9 a factor of 866?
False
Is 3905 a multiple of 4?
False
Is 54386 a multiple of 33?
False
Is 171 a factor of 6840?
True
Is 3175 a multiple of 101?
False
Does 29 divide 6732?
False
Is 3900 a multiple of 6?
True
Is 987 a multiple of 97?
False
Does 10 divide 950?
True
Is 69 a factor of 6900?
True
Is 253 a factor of 3036?
True
Does 26 divide 5616?
True
Is 36896 a multiple of 34?
False
Is 28 a factor of 4312?
True
Is 180 a multiple of 6?
True
Is 1239 a multiple of 21?
True
Is 16 a multiple of 5?
False
Does 57 divide 84189?
True
Does 31 divide 2301?
False
Is 80 a factor of 19751?
False
Is 2 a factor of 860?
True
Does 6 divide 65?
False
Is 22 a factor of 1078?
True
Does 39 divide 1872?
True
Is 748 a multiple of 2?
True
Is 4 a factor of 22?
False
Is 25 a factor of 25304?
False
Does 34 divide 5236?
True
Does 25 divide 1358?
False
Is 4178 a multiple of 34?
False
Is 60 a factor of 942?
False
Is 12 a factor of 1572?
True
Is 153 a multiple of 103?
False
Does 57 divide 76266?
True
Is 393 a multiple of 77?
False
Is 6060 a multiple of 20?
True
Is 8080 a multiple of 80?
True
Does 12 divide 16490?
False
Is 15 a factor of 285?
True
Does 84 divide 1008?
True
Is 89694 a multiple of 198?
True
Is 66 a factor of 19287?
False
Does 55 divide 990?
True
Is 1002 a multiple of 45?
False
Is 160 a factor of 3179?
False
Is 4598 a multiple of 8?
False
Is 24990 a multiple of 42?
True
Does 13 divide 1527?
False
Is 43 a factor of 31300?
False
Does 34 divide 9379?
False
Is 1743 a multiple of 83?
True
Is 3025 a multiple of 21?
False
Is 2116 a multiple of 116?
False
Is 54 a multiple of 13?
False
Is 34141 a multiple of 10?
False
Is 21 a factor of 399?
True
Does 73 divide 23490?
False
Is 6 a factor of 676?
False
Is 113 a multiple of 3?
False
Does 11 divide 869?
True
Is 5658 a multiple of 246?
True
Is 123 a multiple of 18?
False
Is 161 a factor of 25760?
True
Is 477 a multiple of 53?
True
Is 37215 a multiple of 218?
False
Is 29 a factor of 577?
False
Does 11 divide 8734?
True
Is 362 a factor of 54662?
True
Does 93 divide 18507?
True
Does 3 divide 2093?
False
Does 224 divide 15008?
True
Is 1506 a multiple of 6?
True
Does 6 divide 138?
True
Is 429 a multiple of 143?
True
Is 13 a factor of 4799?
False
Does 5 divide 535?
True
Does 11 divide 1232?
True
Is 47839 a multiple of 141?
False
Is 924 a multiple of 7?
True
Does 13 divide 2496?
True
Is 361 a multiple of 24?
False
Is 3025 a multiple of 55?
True
Is 22 a factor of 30216?
False
Is 26950 a multiple of 175?
True
Is 2020 a multiple of 20?
True
Is 3630 a multiple of 15?
True
Is 11 a factor of 796?
False
Does 136 divide 86768?
True
Is 16 a factor of 156?
False
Does 3 divide 1844?
False
Is 53 a factor of 8660?
False
Is 37 a factor of 2479?
True
Is 931 even?
False
Is 798 a multiple of 8?
False
Does 22 divide 172?
False
Is 4 a factor of 3626?
False
Is 790 a multiple of 4?
False
Is 33673 a multiple of 223?
True
Does 18 divide 2428?
False
Is 9801 a multiple of 27?
True
Does 92 divide 2335?
False
Does 3 divide 233?
False
Is 21 a factor of 6741?
True
Does 87 divide 696?
True
Does 7 divide 4711?
True
Is 103944 a multiple of 488?
True
Does 39 divide 12536?
False
Is 41336 a multiple of 10?
False
Is 13500 a multiple of 60?
True
Is 83 a factor of 1375?
False
Is 396 a multiple of 76?
False
Is 27 a factor of 1195?
False
Does 16 divide 23632?
True
Is 19 a factor of 3715?
False
Is 10 a factor of 295?
False
Is 2042 a multiple of 24?
False
Does 5 divide 573?
False
Is 21 a factor of 483?
True
Is 104 a factor of 3295?
False
Is 45864 a multiple of 104?
True
Is 177 a multiple of 13?
False
Is 26 a factor of 104?
True
Is 33 a factor of 826?
False
Is 21239 a multiple of 27?
False
Is 370 a multiple of 2?
True
Does 12 divide 11076?
True
Is 82 a factor of 164?
True
Is 1946 a multiple of 14?
True
Is 45 a factor of 683?
False
Is 11 a factor of 4246?
True
Is 22263 a multiple of 181?
True
Is 3498 a multiple of 66?
True
Is 78 a factor of 1422?
False
Is 867 a multiple of 2?
False
Is 6 a factor of 58733?
False
Is 132 a multiple of 12?
True
Is 81 a factor of 47628?
True
Is 740 a multiple of 37?
True
Is 8 a factor of 943?
False
Does 17 divide 994?
False
Does 15 divide 70422?
False
Does 111 divide 1665?
True
Does 38 divide 988?
True
Is 297 a multiple of 11?
True
Is 5060 a multiple of 70?
False
Is 10 a factor of 1430?
True
Is 1236 a multiple of 12?
True
Is 10 a factor of 590?
True
Does 35 divide 1679?
False
Is 5 a factor of 32945?
True
Is 9 a factor of 4400?
False
Is 108 a multiple of 18?
True
Does 20 divide 8589?
False
Is 68 a multiple of 9?
False
Is 9296 a multiple of 74?
False
Does 41 divide 205?
True
Does 259 divide 56721?
True
Is 11479 a multiple of 110?
False
Is 1488 a multiple of 8?
True
Is 85932 a multiple of 252?
True
Does 55 divide 110?
True
Is 339 a multiple of 15?
False
Is 10490 a multiple of 31?
False
Does 405 divide 97605?
True
Is 7 a factor of 5666?
False
Is 248 a multiple of 4?
True
Is 13 a factor of 891?
False
Is 103 a factor of 6283?
True
Does 10 divide 304?
False
Does 153 divide 118728?
True
Does 25 divide 2383?
False
Does 12 divide 718?
False
Is 16 a factor of 4256?
True
Is 15 a factor of 6360?
True
Is 106 a factor of 4463?
False
Is 16 a factor of 6076?
False
Is 344 a multiple of 8?
True
Is 880 a multiple of 16?
True
Is 2701 a multiple of 37?
True
Does 19 divide 8759?
True
Is 165 a factor of 17655?
True
Does 27 divide 33893?
False
Is 117 a factor of 50682?
False
Does 60 divide 5597?
False
Is 523 a multiple of 10?
False
Is 344 a multiple of 43?
True
Does 8 divide 912?
True
Does 11 divide 3971?
True
Does 10 divide 1932?
False
Is 879 a multiple of 28?
False
Is 16 a factor of 1644?
False
Is 87 a factor of 51769?
False
Is 44 a factor of 1470?
False
Is 77 a factor of 616?
True
Is 36370 a multiple of 166?
False
Is 83 a factor of 118?
False
Does 3 divide 429?
True
Is 15240 a multiple of 12?
True
Is 14 a factor of 246?
False
Does 14 divide 2113?
False
Does 37 divide 10841?
True
Is 2268 a multiple of 7?
True
Is 4 a factor of 12383?
False
Is 107505 a multiple of 33?
False
Does 25 divide 558?
False
Is 13 a factor of 450?
False
Does 8 divide 480?
True
Does 14 divide 3696?
True
Is 83 a factor of 21663?
True
Does 26 divide 728?
True
Is 20 a factor of 960?
True
Is 13376 a multiple of 8?
True
Does 24 divide 13281?
False
Is 26 a factor of 182?
True
Does 23 divide 5451?
True
Is 170 a multiple of 17?
True
Is 23091 a multiple of 129?
True
Does 12 divide 10485?
False
Does 142 divide 32092?
True
Is 12 a factor of 1512?
True
Is 87 a factor of 50025?
True
Is 5040 a multiple of 90?
True
Is 22 a factor of 462?
True
Is 112 a factor of 4561?
False
Does 6 divide 1922?
False
Is 21 a factor of 8127?
True
Is 1352 a multiple of 13?
True
Does 11 divide 8750?
False
Is 17 a factor of 7491?
False
Is 692 a multiple of 65?
False
Is 12624 a multiple of 526?
True
Does 18 divide 1907?
False
Does 38 divide 5767?
False
Is 22080 a multiple of 15?
True
Is 9 a factor of 22853?
False
Is 42 a factor of 67951?
False
Is 30 a factor of 9270?
True
Does 61 divide 14186?
False
Is 12 a factor of 9144?
True
Does 47 divide 167?
False
Is 410 a multiple of 5?
True
Does 11 divide 49764?
True
Is 105 a m